{"id":14,"date":"2014-10-01T13:53:40","date_gmt":"2014-10-01T11:53:40","guid":{"rendered":"http:\/\/www.willygex.com\/?page_id=14"},"modified":"2025-09-04T11:04:00","modified_gmt":"2025-09-04T09:04:00","slug":"des-pistes-a-la-scene","status":"publish","type":"page","link":"https:\/\/www.willygex.com\/","title":{"rendered":"De l&rsquo;AVENTURE \u00e0 la SC\u00c8NE"},"content":{"rendered":"\n<div class=\"wp-block-group\"><div class=\"wp-block-group__inner-container is-layout-flow wp-block-group-is-layout-flow\">\n<script data-js='tribe-events-view-nonce-data' type='application\/json'>{\"tvn1\":\"ef95b7eaaf\",\"tvn2\":\"\"}<\/script>\n<\/div><\/div>\n\n\n\n<figure class=\"wp-block-image size-full is-resized\"><img fetchpriority=\"high\" decoding=\"async\" width=\"640\" height=\"427\" src=\"https:\/\/www.willygex.com\/wp-content\/uploads\/2024\/11\/DSC4854-Will-Sat-Short-WHITE1-1.png\" alt=\"\" class=\"wp-image-1051\" style=\"aspect-ratio:1.7777777777777777;object-fit:cover;width:887px;height:auto\" srcset=\"https:\/\/www.willygex.com\/wp-content\/uploads\/2024\/11\/DSC4854-Will-Sat-Short-WHITE1-1.png 640w, https:\/\/www.willygex.com\/wp-content\/uploads\/2024\/11\/DSC4854-Will-Sat-Short-WHITE1-1-450x300.png 450w\" sizes=\"(max-width: 640px) 100vw, 640px\" \/><\/figure>\n\n\n\n<p><strong>D\u00e9couvrez ou r\u00e9\u00e9coutez Willygex sur <a href=\"https:\/\/open.spotify.com\/album\/6bpaZ8q15UMHLHY4JZjfRb?si=gRTFtjksR6eyCCKDiCp5ZA&amp;context=spotify:album:6bpaZ8q15UMHLHY4JZjfRb\" target=\"_blank\" rel=\"noreferrer noopener\">Spotify<\/a>, <a href=\"https:\/\/deezer.page.link\/4BpjNGfA5eUpbDJy8\" target=\"_blank\" rel=\"noreferrer noopener\">Deezer<\/a>, <a href=\"https:\/\/music.apple.com\/fr\/artist\/willygex\/1693667272\" target=\"_blank\" rel=\"noreferrer noopener\">Apple Music<\/a> et plus de 150 plateformes d\u2019\u00e9coute, \u00e9galement sur <a href=\"https:\/\/www.youtube.com\/playlist?list=OLAK5uy_kHfKq-euBCP6emTR7H8Zl90ZqpIpsN5aE\" target=\"_blank\" rel=\"noreferrer noopener\">YouTube<\/a>.<\/strong><br><br><\/p>\n\n\n\n<p class=\"has-text-align-center\"><strong>Willygex, \u00e9crivain voyageur ou militant po\u00e9tique&nbsp;?<\/strong><br><strong>Condition de la femme dans le monde, alcoolisme, terrorisme, migrations\u2026<\/strong><\/p>\n\n\n\n<p class=\"has-text-align-center\">Enfant des premi\u00e8res Classes Horaires Am\u00e9nag\u00e9es Musique (<strong>CHAM<\/strong>) des ann\u00e9es 80, Willygex, apr\u00e8s des \u00e9tudes scientifiques, part, guitare \u00e0 la main, 2 ans autour du monde. Au retour, il int\u00e8gre l\u2019AFMA (Atelier de Formation Aux Musiques Actuelles) puis entame une s\u00e9rie de concerts comme chanteur \u00e0 textes, accompagn\u00e9 d\u2019un percussionniste.<\/p>\n\n\n\n<p class=\"has-text-align-center\">Le hasard d\u2019une s\u00e9lection r\u00e9gionale de Slam Po\u00e9sie le qualifie dans l\u2019\u00e9quipe de Clermont-Ferrand pour Paris. Le<strong> Grand Slam National <\/strong>et la Coupe du Monde de Slam sont une r\u00e9v\u00e9lation. Il devient Slammaster r\u00e9f\u00e9rent de la FFDSP (F\u00e9d\u00e9ration Fran\u00e7aise de Slam Po\u00e9sie), encha\u00eene les soir\u00e9es et tournois slam, organise des s\u00e9lections puis termine <strong>3<sup>e<\/sup> avec la ville de Clermont-Fd<\/strong> et <strong>vice champion de France de ha\u00efkus<\/strong> en <strong>2012<\/strong>.<\/p>\n\n\n\n<p class=\"has-text-align-center\">Le projet personnel Spoken word prend forme avec les musiciens professionnels de la formation World musique Alema. En parall\u00e8le, il cofonde en 2011 l\u2019association Alternative Po\u00e9sie qui, afin de valoriser l\u2019oralit\u00e9 et de d\u00e9mocratiser l\u2019\u00e9criture \u00e0 travers le slam, a pour objet \u00ab&nbsp;l\u2019organisation de sc\u00e8nes et d\u2019ateliers de po\u00e9sie vivante, de rencontres po\u00e9tiques comme d\u2019actions p\u00e9dagogiques et culturelles pour la promotion de la po\u00e9sie vivante&nbsp;\u00bb. Depuis sa cr\u00e9ation, Alternative Po\u00e9sie a dispens\u00e9 plus de 600 ateliers d\u2019\u00e9criture dans des \u00e9coles, coll\u00e8ges, lyc\u00e9es, Centres \u00c9ducatifs, Institut M\u00e9dico-\u00c9ducatif\u2026 en France (principalement en Auvergne) mais aussi \u00e0 l\u2019\u00e9tranger (Qu\u00e9bec, Mali, R\u00e9publique D\u00e9mocratique du Congo).<\/p>\n\n\n\n<p class=\"has-text-align-center\">La sortie du <strong>recueil de nouvelles de voyages <em>Itin\u00e9raires Bis<\/em><\/strong> chez Artisans Voyageurs en <strong>2014<\/strong>, <strong>l&rsquo;\u00e9criture de titres<\/strong> en <strong>fran\u00e7ais <\/strong>pour un premier album ou d<strong>e 8 en anglais<\/strong> pour le 3<sup>e<\/sup> album du blues man Aur\u00e9lien Morro en 2020 sont autant d\u2019exp\u00e9riences cr\u00e9atives. Les textes cisel\u00e9s interpellent, d\u00e9noncent ou rendent hommage, des odes humaniste d\u2019un \u00e9ternel utopiste.<\/p>\n\n\n\n<p><\/p>\n\n\n\n<div class=\"wp-block-columns is-layout-flex wp-container-core-columns-is-layout-9d6595d7 wp-block-columns-is-layout-flex\">\n<div class=\"wp-block-column is-vertically-aligned-top is-layout-flow wp-block-column-is-layout-flow\" style=\"flex-basis:33.33%\"><div class=\"wp-block-image\">\n<figure class=\"alignleft size-large is-resized\"><img decoding=\"async\" width=\"636\" height=\"1028\" src=\"https:\/\/www.willygex.com\/wp-content\/uploads\/2024\/11\/Instagram-avis-636x1028.jpg\" alt=\"\" class=\"wp-image-1105\" style=\"width:252px;height:auto\" srcset=\"https:\/\/www.willygex.com\/wp-content\/uploads\/2024\/11\/Instagram-avis-636x1028.jpg 636w, https:\/\/www.willygex.com\/wp-content\/uploads\/2024\/11\/Instagram-avis-186x300.jpg 186w, https:\/\/www.willygex.com\/wp-content\/uploads\/2024\/11\/Instagram-avis-768x1242.jpg 768w, https:\/\/www.willygex.com\/wp-content\/uploads\/2024\/11\/Instagram-avis.jpg 778w\" sizes=\"(max-width: 636px) 100vw, 636px\" \/><\/figure>\n<\/div><\/div>\n\n\n\n<div class=\"wp-block-column is-layout-flow wp-block-column-is-layout-flow\" style=\"flex-basis:66.66%\">\n<p class=\"has-text-align-left\">Depuis <strong>2018<\/strong>, entre concerts et premi\u00e8res parties, le projet artistique se pr\u00e9cise avec le <strong>guitariste professionnel Xavier Denis<\/strong> dans un duo r\u00e9solument tourn\u00e9 vers la sc\u00e8ne. Intermittent du spectacle depuis plus de 15 ans dans les domaines du jazz, des musiques actuelles et improvis\u00e9es et co-organisateur de concerts, expositions et r\u00e9sidences (Art contemporain et jazz), directeur d\u2019\u00e9cole de musique, Xavier Denis est particuli\u00e8rement sensible au rapport entre <strong>l\u2019improvisation musicale et l\u2019\u00e9criture<\/strong>, c&rsquo;est m\u00eame le sujet de son m\u00e9moire de <strong>DEM <\/strong>(Dipl\u00f4me d\u2019\u00c9tudes Musicales) et de son master.<\/p>\n\n\n\n<p class=\"has-text-align-left\">Studio, mise en ligne de 6 titres sur les plateformes de musique \u00e0 l&rsquo;\u00e9t\u00e9 2023 et <strong>un album 6 titres en 2024.<\/strong> Le concert de sortie du CD a connu un bel accueil. <\/p>\n\n\n\n<p class=\"has-text-align-left\">Willygex est toujours pr\u00eat \u00e0 monter sur sc\u00e8ne pour un ha\u00efku ou une performance po\u00e9tique. <\/p>\n\n\n\n<p class=\"has-text-align-left\">A la sc\u00e8ne comme \u00e0 la ville, entre avalanches de mots et cascades de rimes, il d\u00e9fie les verbes de sa verve gracile.<\/p>\n<\/div>\n<\/div>\n\n\n\n<p class=\"has-text-align-center\"><a href=\"https:\/\/www.willygex.com\/?page_id=24\">A \u00e9couter sans mod\u00e9ration<\/a><\/p>\n\n\n\n<p><\/p>\n\n\n\n<p><\/p>\n\n\n\n<p><\/p>\n\n\n\n<p class=\"has-text-align-center\">Contact : <\/p>\n\n\n\n<p class=\"has-text-align-center\">William Gex 06 89 35 93 03 <\/p>\n\n\n\n<div class=\"wp-block-columns is-layout-flex wp-container-core-columns-is-layout-9d6595d7 wp-block-columns-is-layout-flex\">\n<div class=\"wp-block-column is-layout-flow wp-block-column-is-layout-flow\">\n<div class=\"wp-block-columns is-layout-flex wp-container-core-columns-is-layout-9d6595d7 wp-block-columns-is-layout-flex\">\n<div class=\"wp-block-column is-layout-flow wp-block-column-is-layout-flow\"><\/div>\n\n\n\n<div class=\"wp-block-column is-layout-flow wp-block-column-is-layout-flow\">\n<figure class=\"wp-block-image size-full is-resized\"><a href=\"mailto:willygex@gmail.com\" target=\"_blank\" rel=\"noreferrer noopener\"><img decoding=\"async\" width=\"512\" height=\"512\" src=\"https:\/\/www.willygex.com\/wp-content\/uploads\/2022\/08\/mail.png\" alt=\"\" class=\"wp-image-698\" style=\"width:54px;height:54px\" srcset=\"https:\/\/www.willygex.com\/wp-content\/uploads\/2022\/08\/mail.png 512w, https:\/\/www.willygex.com\/wp-content\/uploads\/2022\/08\/mail-300x300.png 300w, https:\/\/www.willygex.com\/wp-content\/uploads\/2022\/08\/mail-150x150.png 150w\" sizes=\"(max-width: 512px) 100vw, 512px\" \/><\/a><\/figure>\n<\/div>\n<\/div>\n<\/div>\n\n\n\n<div class=\"wp-block-column is-layout-flow wp-block-column-is-layout-flow\">\n<div class=\"wp-block-columns is-layout-flex wp-container-core-columns-is-layout-9d6595d7 wp-block-columns-is-layout-flex\">\n<div class=\"wp-block-column is-layout-flow wp-block-column-is-layout-flow\">\n<figure class=\"wp-block-image size-full is-resized\"><a href=\"https:\/\/fr-fr.facebook.com\/william.gex\" target=\"_blank\" rel=\"noreferrer noopener\"><img loading=\"lazy\" decoding=\"async\" width=\"430\" height=\"428\" src=\"https:\/\/www.willygex.com\/wp-content\/uploads\/2022\/08\/fb.jpg\" alt=\"\" class=\"wp-image-699\" style=\"width:54px;height:53px\" srcset=\"https:\/\/www.willygex.com\/wp-content\/uploads\/2022\/08\/fb.jpg 430w, https:\/\/www.willygex.com\/wp-content\/uploads\/2022\/08\/fb-301x300.jpg 301w, https:\/\/www.willygex.com\/wp-content\/uploads\/2022\/08\/fb-150x150.jpg 150w\" sizes=\"(max-width: 430px) 100vw, 430px\" \/><\/a><\/figure>\n<\/div>\n\n\n\n<div class=\"wp-block-column is-layout-flow wp-block-column-is-layout-flow\">\n<figure class=\"wp-block-image size-full is-resized\"><a href=\"https:\/\/www.instagram.com\/willygex_spoken\/\" target=\"_blank\" rel=\"noreferrer noopener\"><img loading=\"lazy\" decoding=\"async\" width=\"426\" height=\"430\" src=\"https:\/\/www.willygex.com\/wp-content\/uploads\/2022\/08\/insta.jpg\" alt=\"\" class=\"wp-image-700\" style=\"width:53px;height:54px\" srcset=\"https:\/\/www.willygex.com\/wp-content\/uploads\/2022\/08\/insta.jpg 426w, https:\/\/www.willygex.com\/wp-content\/uploads\/2022\/08\/insta-297x300.jpg 297w, https:\/\/www.willygex.com\/wp-content\/uploads\/2022\/08\/insta-150x150.jpg 150w\" sizes=\"(max-width: 426px) 100vw, 426px\" \/><\/a><\/figure>\n<\/div>\n<\/div>\n<\/div>\n\n\n\n<div class=\"wp-block-column is-layout-flow wp-block-column-is-layout-flow\">\n<div class=\"wp-block-columns is-layout-flex wp-container-core-columns-is-layout-9d6595d7 wp-block-columns-is-layout-flex\">\n<div class=\"wp-block-column is-layout-flow wp-block-column-is-layout-flow\"><\/div>\n\n\n\n<div class=\"wp-block-column is-layout-flow wp-block-column-is-layout-flow\"><\/div>\n<\/div>\n<\/div>\n<\/div>\n","protected":false},"excerpt":{"rendered":"<p>D\u00e9couvrez ou r\u00e9\u00e9coutez Willygex sur Spotify, Deezer, Apple Music et plus de 150 plateformes d\u2019\u00e9coute, \u00e9galement sur YouTube. Willygex, \u00e9crivain voyageur ou militant po\u00e9tique&nbsp;?Condition de la femme dans le monde, alcoolisme, terrorisme, migrations\u2026 Enfant des premi\u00e8res Classes Horaires Am\u00e9nag\u00e9es Musique &hellip; <a href=\"https:\/\/www.willygex.com\/\">Lire la suite\u00ad\u00ad<\/a><\/p>\n","protected":false},"author":1,"featured_media":0,"parent":0,"menu_order":0,"comment_status":"closed","ping_status":"closed","template":"","meta":{"kt_blocks_editor_width":"","_EventAllDay":false,"_EventTimezone":"","_EventStartDate":"","_EventEndDate":"","_EventStartDateUTC":"","_EventEndDateUTC":"","_EventShowMap":false,"_EventShowMapLink":false,"_EventURL":"","_EventCost":"","_EventCostDescription":"","_EventCurrencySymbol":"","_EventCurrencyCode":"","_EventCurrencyPosition":"","_EventDateTimeSeparator":"","_EventTimeRangeSeparator":"","_EventOrganizerID":[],"_EventVenueID":[],"_OrganizerEmail":"","_OrganizerPhone":"","_OrganizerWebsite":"","_VenueAddress":"","_VenueCity":"","_VenueCountry":"","_VenueProvince":"","_VenueState":"","_VenueZip":"","_VenuePhone":"","_VenueURL":"","_VenueStateProvince":"","_VenueLat":"","_VenueLng":"","_VenueShowMap":false,"_VenueShowMapLink":false,"footnotes":""},"class_list":["post-14","page","type-page","status-publish","hentry"],"_links":{"self":[{"href":"https:\/\/www.willygex.com\/index.php?rest_route=\/wp\/v2\/pages\/14","targetHints":{"allow":["GET"]}}],"collection":[{"href":"https:\/\/www.willygex.com\/index.php?rest_route=\/wp\/v2\/pages"}],"about":[{"href":"https:\/\/www.willygex.com\/index.php?rest_route=\/wp\/v2\/types\/page"}],"author":[{"embeddable":true,"href":"https:\/\/www.willygex.com\/index.php?rest_route=\/wp\/v2\/users\/1"}],"replies":[{"embeddable":true,"href":"https:\/\/www.willygex.com\/index.php?rest_route=%2Fwp%2Fv2%2Fcomments&post=14"}],"version-history":[{"count":79,"href":"https:\/\/www.willygex.com\/index.php?rest_route=\/wp\/v2\/pages\/14\/revisions"}],"predecessor-version":[{"id":1254,"href":"https:\/\/www.willygex.com\/index.php?rest_route=\/wp\/v2\/pages\/14\/revisions\/1254"}],"wp:attachment":[{"href":"https:\/\/www.willygex.com\/index.php?rest_route=%2Fwp%2Fv2%2Fmedia&parent=14"}],"curies":[{"name":"wp","href":"https:\/\/api.w.org\/{rel}","templated":true}]}}