{"id":6,"date":"2014-10-01T13:56:54","date_gmt":"2014-10-01T11:56:54","guid":{"rendered":"http:\/\/www.willygex.com\/?page_id=6"},"modified":"2024-11-10T21:13:02","modified_gmt":"2024-11-10T19:13:02","slug":"voyage","status":"publish","type":"page","link":"https:\/\/www.willygex.com\/?page_id=6","title":{"rendered":"TOUR DU MONDE &#8211; LIVRE"},"content":{"rendered":"<p style=\"text-align: left;\" align=\"CENTER\"><b><a href=\"https:\/\/www.willygex.com\/wp-content\/uploads\/2014\/10\/CARTE.jpg\">Voici, en repr\u00e9sentation de Peters, <\/a><a href=\"https:\/\/www.willygex.com\/wp-content\/uploads\/2014\/10\/CARTE.jpg\">une carte des pays travers\u00e9s<\/a><a href=\"https:\/\/www.willygex.com\/wp-content\/uploads\/2014\/10\/CARTE.jpg\"> et de ceux concern\u00e9s par les nouvelles du livre<\/a><\/b><\/p>\n<p style=\"text-align: left;\" align=\"CENTER\"><b>.<img fetchpriority=\"high\" decoding=\"async\" class=\"size-medium wp-image-303 alignleft\" src=\"https:\/\/www.willygex.com\/wp-content\/uploads\/2014\/10\/CARTE-300x175.jpg\" alt=\"043309_OT_Montlu_32p_Vert\" width=\"300\" height=\"175\" srcset=\"https:\/\/www.willygex.com\/wp-content\/uploads\/2014\/10\/CARTE-300x175.jpg 300w, https:\/\/www.willygex.com\/wp-content\/uploads\/2014\/10\/CARTE-1024x599.jpg 1024w, https:\/\/www.willygex.com\/wp-content\/uploads\/2014\/10\/CARTE.jpg 1876w\" sizes=\"(max-width: 300px) 100vw, 300px\" \/><\/b><\/p>\n<p align=\"CENTER\"><span style=\"font-family: Papyrus;\"><span style=\"font-size: medium;\"><b>.<\/b><\/span><\/span><\/p>\n<p style=\"text-align: center;\">Pendant 2 ans, WillyGex parcourt 25 pays auTour du Monde. De la sauvage et pure Nouvelle-Z\u00e9lande \u00e0 la vall\u00e9e du Mississippi, du bouillant d\u00e9sert Mexicain \u00e0 la baie d&rsquo;Halong. Il se baigne dans le Gange \u00e0 Varanasi, dort dans les temples de Tikal, de Bagan, pose sa tente dans les steppes de Mongolie int\u00e9rieure puis traverse le Canada en stop par -20\u00b0 C. Au Japon, il est figurant, mannequin ou encore rabatteur pour une bo\u00eete de strip-tease. Il d\u00e9couvre Luang Prabang, inscrite au patrimoine mondial de l&rsquo;Unesco, le quartier chaud de Colon au Panama, les juke-joints de Clarksdale ou encore les huttes sur pilotis de Papouasie Nouvelle Guin\u00e9e apr\u00e8s une semaine de marche \u00e0 travers la for\u00eat tropicale humide&#8230; .<\/p>\n<p style=\"text-align: center;\">A pied, en bus, en voiture ou \u00e0 la voile \u00e0 travers l&rsquo;Oc\u00e9an Pacifique ce voyageur infatigable descendra ensuite 2 fois en Afrique de l&rsquo;ouest par la route via le Maroc et la Mauritanie jusqu&rsquo;en Guin\u00e9e Conakry ou au Burkina Faso, partira au Mali enregistrer dans le studio de Tikken Ja Fakoly, retournera dans le d\u00e9sert mexicain et retrouvera un chaman sur le Rio Putumayo entre la Colombie et l&rsquo;Equateur. Par ailleurs, vous l&rsquo;aurez peut-\u00eatre crois\u00e9 \u00e0 pied au milieu du Salar d&rsquo;Uyuni, en plancha sur la c\u00f4t\u00e9 Cara\u00efbe Costaricaine ou encore en Cano\u00eb-Kayak au coeur de l&rsquo;archipel de Solentiname (Nicaragua).<\/p>\n<p style=\"text-align: center;\"><a href=\"https:\/\/www.willygex.com\/?page_id=16\" target=\"_blank\" rel=\"noopener\">Embarquez avec lui en vid\u00e9o.<\/a><\/p>\n<\/p>\n<p>Du Bangkok Hilton (la prison de la capitale Tha\u00eflandaise) \u00e0 la Quebrada de Huamahuaca Argentine, retrouvez ces histoires surprenantes dans son recueil de nouvelles de voyage <a href=\"http:\/\/artisans-voyageurs.com\/itineraire%20bis.html\" target=\"_blank\" rel=\"noopener\" data-wplink-edit=\"true\">ITIN\u00c9RAIRES BIS<\/a>.<\/p>\n\n\n<figure class=\"wp-block-gallery has-nested-images columns-default is-cropped wp-block-gallery-1 is-layout-flex wp-block-gallery-is-layout-flex\">\n<figure class=\"wp-block-image size-large\"><img decoding=\"async\" width=\"1281\" height=\"875\" data-id=\"459\" src=\"https:\/\/www.willygex.com\/wp-content\/uploads\/2017\/02\/Couv-livre.jpg\" alt=\"\" class=\"wp-image-459\" srcset=\"https:\/\/www.willygex.com\/wp-content\/uploads\/2017\/02\/Couv-livre.jpg 1281w, https:\/\/www.willygex.com\/wp-content\/uploads\/2017\/02\/Couv-livre-439x300.jpg 439w, https:\/\/www.willygex.com\/wp-content\/uploads\/2017\/02\/Couv-livre-768x525.jpg 768w, https:\/\/www.willygex.com\/wp-content\/uploads\/2017\/02\/Couv-livre-1028x702.jpg 1028w\" sizes=\"(max-width: 1281px) 100vw, 1281px\" \/><\/figure>\n<\/figure>\n\n\n\n<p class=\"has-text-align-center\">T\u00e9l\u00e9chargez le&nbsp;<a rel=\"noreferrer noopener\" href=\"https:\/\/www.willygex.com\/wp-content\/uploads\/2014\/10\/Dossier-de-Presse-de-WillyGEX.pdf\" target=\"_blank\">Dossier de Presse de WillyGEX<\/a><\/p>\n\n\n<div class=\"wp-block-image\">\n<figure class=\"aligncenter size-full is-resized\"><img decoding=\"async\" width=\"605\" height=\"858\" src=\"https:\/\/www.willygex.com\/wp-content\/uploads\/2014\/10\/Page-Dossier-Presse.jpg\" alt=\"\" class=\"wp-image-324\" style=\"width:209px;height:297px\" srcset=\"https:\/\/www.willygex.com\/wp-content\/uploads\/2014\/10\/Page-Dossier-Presse.jpg 605w, https:\/\/www.willygex.com\/wp-content\/uploads\/2014\/10\/Page-Dossier-Presse-211x300.jpg 211w\" sizes=\"(max-width: 605px) 100vw, 605px\" \/><\/figure>\n<\/div>\n\n\n<p><\/p>\n\n\n\n<p><\/p>\n\n\n\n<p class=\"has-text-align-center\"><a href=\"https:\/\/www.willygex.com\/\">Revenir \u00e0 l&rsquo;accueil<\/a><\/p>\n\n\n\n<p><\/p>\n\n\n\n<div class=\"wp-block-columns is-layout-flex wp-container-core-columns-is-layout-9d6595d7 wp-block-columns-is-layout-flex\">\n<div class=\"wp-block-column is-layout-flow wp-block-column-is-layout-flow\">\n<div class=\"wp-block-columns is-layout-flex wp-container-core-columns-is-layout-9d6595d7 wp-block-columns-is-layout-flex\">\n<div class=\"wp-block-column is-layout-flow wp-block-column-is-layout-flow\"><\/div>\n\n\n\n<div class=\"wp-block-column is-layout-flow wp-block-column-is-layout-flow\">\n<figure class=\"wp-block-image size-full is-resized\"><a href=\"mailto:willygex@gmail.com\" target=\"_blank\" rel=\"noreferrer noopener\"><img loading=\"lazy\" decoding=\"async\" width=\"512\" height=\"512\" src=\"https:\/\/www.willygex.com\/wp-content\/uploads\/2022\/08\/mail.png\" alt=\"\" class=\"wp-image-698\" style=\"width:53px;height:53px\" srcset=\"https:\/\/www.willygex.com\/wp-content\/uploads\/2022\/08\/mail.png 512w, https:\/\/www.willygex.com\/wp-content\/uploads\/2022\/08\/mail-300x300.png 300w, https:\/\/www.willygex.com\/wp-content\/uploads\/2022\/08\/mail-150x150.png 150w\" sizes=\"(max-width: 512px) 100vw, 512px\" \/><\/a><\/figure>\n<\/div>\n<\/div>\n<\/div>\n\n\n\n<div class=\"wp-block-column is-layout-flow wp-block-column-is-layout-flow\">\n<div class=\"wp-block-columns is-layout-flex wp-container-core-columns-is-layout-9d6595d7 wp-block-columns-is-layout-flex\">\n<div class=\"wp-block-column is-layout-flow wp-block-column-is-layout-flow\">\n<figure class=\"wp-block-image size-full is-resized\"><a href=\"https:\/\/fr-fr.facebook.com\/william.gex\" target=\"_blank\" rel=\"noreferrer noopener\"><img loading=\"lazy\" decoding=\"async\" width=\"430\" height=\"428\" src=\"https:\/\/www.willygex.com\/wp-content\/uploads\/2022\/08\/fb.jpg\" alt=\"\" class=\"wp-image-699\" style=\"width:53px;height:52px\" srcset=\"https:\/\/www.willygex.com\/wp-content\/uploads\/2022\/08\/fb.jpg 430w, https:\/\/www.willygex.com\/wp-content\/uploads\/2022\/08\/fb-301x300.jpg 301w, https:\/\/www.willygex.com\/wp-content\/uploads\/2022\/08\/fb-150x150.jpg 150w\" sizes=\"(max-width: 430px) 100vw, 430px\" \/><\/a><\/figure>\n<\/div>\n\n\n\n<div class=\"wp-block-column is-layout-flow wp-block-column-is-layout-flow\">\n<figure class=\"wp-block-image size-full is-resized\"><a href=\"https:\/\/www.instagram.com\/willygex_spoken\/\" target=\"_blank\" rel=\"noreferrer noopener\"><img loading=\"lazy\" decoding=\"async\" width=\"426\" height=\"430\" src=\"https:\/\/www.willygex.com\/wp-content\/uploads\/2022\/08\/insta.jpg\" alt=\"\" class=\"wp-image-700\" style=\"width:53px;height:54px\" srcset=\"https:\/\/www.willygex.com\/wp-content\/uploads\/2022\/08\/insta.jpg 426w, https:\/\/www.willygex.com\/wp-content\/uploads\/2022\/08\/insta-297x300.jpg 297w, https:\/\/www.willygex.com\/wp-content\/uploads\/2022\/08\/insta-150x150.jpg 150w\" sizes=\"(max-width: 426px) 100vw, 426px\" \/><\/a><\/figure>\n<\/div>\n<\/div>\n<\/div>\n\n\n\n<div class=\"wp-block-column is-layout-flow wp-block-column-is-layout-flow\">\n<div class=\"wp-block-columns is-layout-flex wp-container-core-columns-is-layout-9d6595d7 wp-block-columns-is-layout-flex\">\n<div class=\"wp-block-column is-layout-flow wp-block-column-is-layout-flow\"><\/div>\n\n\n\n<div class=\"wp-block-column is-layout-flow wp-block-column-is-layout-flow\"><\/div>\n<\/div>\n<\/div>\n<\/div>\n\n\n\n<p><\/p>\n","protected":false},"excerpt":{"rendered":"<p>Voici, en repr\u00e9sentation de Peters, une carte des pays travers\u00e9s et de ceux concern\u00e9s par les nouvelles du livre . . Pendant 2 ans, WillyGex parcourt 25 pays auTour du Monde. De la sauvage et pure Nouvelle-Z\u00e9lande \u00e0 la vall\u00e9e &hellip; <a href=\"https:\/\/www.willygex.com\/?page_id=6\">Lire la suite\u00ad\u00ad<\/a><\/p>\n","protected":false},"author":1,"featured_media":328,"parent":0,"menu_order":0,"comment_status":"closed","ping_status":"closed","template":"","meta":{"kt_blocks_editor_width":"","_EventAllDay":false,"_EventTimezone":"","_EventStartDate":"","_EventEndDate":"","_EventStartDateUTC":"","_EventEndDateUTC":"","_EventShowMap":false,"_EventShowMapLink":false,"_EventURL":"","_EventCost":"","_EventCostDescription":"","_EventCurrencySymbol":"","_EventCurrencyCode":"","_EventCurrencyPosition":"","_EventDateTimeSeparator":"","_EventTimeRangeSeparator":"","_EventOrganizerID":[],"_EventVenueID":[],"_OrganizerEmail":"","_OrganizerPhone":"","_OrganizerWebsite":"","_VenueAddress":"","_VenueCity":"","_VenueCountry":"","_VenueProvince":"","_VenueState":"","_VenueZip":"","_VenuePhone":"","_VenueURL":"","_VenueStateProvince":"","_VenueLat":"","_VenueLng":"","_VenueShowMap":false,"_VenueShowMapLink":false,"footnotes":""},"class_list":["post-6","page","type-page","status-publish","has-post-thumbnail","hentry"],"_links":{"self":[{"href":"https:\/\/www.willygex.com\/index.php?rest_route=\/wp\/v2\/pages\/6","targetHints":{"allow":["GET"]}}],"collection":[{"href":"https:\/\/www.willygex.com\/index.php?rest_route=\/wp\/v2\/pages"}],"about":[{"href":"https:\/\/www.willygex.com\/index.php?rest_route=\/wp\/v2\/types\/page"}],"author":[{"embeddable":true,"href":"https:\/\/www.willygex.com\/index.php?rest_route=\/wp\/v2\/users\/1"}],"replies":[{"embeddable":true,"href":"https:\/\/www.willygex.com\/index.php?rest_route=%2Fwp%2Fv2%2Fcomments&post=6"}],"version-history":[{"count":43,"href":"https:\/\/www.willygex.com\/index.php?rest_route=\/wp\/v2\/pages\/6\/revisions"}],"predecessor-version":[{"id":1131,"href":"https:\/\/www.willygex.com\/index.php?rest_route=\/wp\/v2\/pages\/6\/revisions\/1131"}],"wp:featuredmedia":[{"embeddable":true,"href":"https:\/\/www.willygex.com\/index.php?rest_route=\/wp\/v2\/media\/328"}],"wp:attachment":[{"href":"https:\/\/www.willygex.com\/index.php?rest_route=%2Fwp%2Fv2%2Fmedia&parent=6"}],"curies":[{"name":"wp","href":"https:\/\/api.w.org\/{rel}","templated":true}]}}